 the greatest common factor of n and 160.
20
Let j = -25749 + 28095. Calculate the highest common divisor of j and 1326.
102
Let w(c) = -4*c**3 - 17*c**2 - 6*c + 81. Let p be w(-6). Calculate the highest common factor of 6 and p.
3
Let h = -124 - -250. Let u be 10/(-5) + (8 - (4 + -1)). Suppose 4*l = -2*w + 32, -u*w - 2*l + 30 = -w. Calculate the greatest common divisor of w and h.
14
Let k(d) = -3*d**3 + 3*d**2 + 3*d + 3. Let p be k(-2). Let h be 140/(-15)*891/(-6). Suppose -6*y = y - h. Calculate the greatest common divisor of y and p.
33
Suppose -14625 = 3*z - 15090. Calculate the highest common divisor of z and 10.
5
Let y = 492 + -172. Let t = -285 + y. Suppose -q - 3 + 23 = 0. Calculate the highest common factor of q and t.
5
Let u(r) = -7*r**3 - 4*r**2 + 79*r + 335. Let o be u(-4). Let w(n) = -4*n + 7. Let d be w(-6). What is the greatest common factor of d and o?
31
Let x be ((-2)/(-6))/(8/(-408)). Let s = -149 - -177. Let r = x + s. What is the highest common factor of 99 and r?
11
Let x be (228/(-9))/(168/(-126)). What is the greatest common divisor of 37 and x?
1
Let d be -4*(-8)/10 - 16/(-20). Suppose -d*c - 4 = -0*c, 3*c = -3*t + 108. What is the highest common factor of t and 444?
37
Let s(y) be the first derivative of y**2 + 43*y + 7. Let m be s(-20). Let i be (m + -1 - 12)*63/(-18). Calculate the greatest common divisor of i and 280.
35
Let o(l) = -l**2 + 6*l - 4. Suppose -8*w + 37 = 21. Let c be o(w). Calculate the highest common factor of 52 and c.
4
Suppose -t - 2 + 12 = 0. Suppose -900*k + 215350 = -605*k. Calculate the greatest common divisor of t and k.
10
Let n be 110/132 + 162127/42. Calculate the highest common factor of 39 and n.
39
Let l(f) = 1764*f - 10529. Let h be l(6). Calculate the greatest common divisor of 4367 and h.
11
Suppose -42*u + 51*u - 1647 = 0. Suppose 0 = -u*a + 195*a - 60. Calculate the greatest common factor of a and 40.
5
Suppose 3*l + 2019 = 5*p, -2*l + 1219 = -8*p + 11*p. Calculate the highest common divisor of p and 30.
15
Suppose -2*n + 3*y + 280 = 0, -4*n - 118*y + 570 = -119*y. Calculate the greatest common factor of n and 3289.
143
Suppose -3*i = 4*w - 3814, 29*w - 25*w - 2*i - 3804 = 0. Calculate the greatest common divisor of 224 and w.
56
Let d = -4316 - -5948. What is the highest common factor of d and 96?
96
Let x(a) = a - 8 - 2 - 4. Let y be x(17). Suppose 130 = 2*f + y*f. Calculate the greatest common factor of 52 and f.
26
Let g(h) be the second derivative of -11*h**3/3 - 138*h**2 - 39*h - 4. Let q be g(-21). Calculate the greatest common factor of 62 and q.
62
Suppose 5*t + i = 730, -4*t + 3*t + 5*i + 120 = 0. Let m = 141 + -83. Calculate the highest common divisor of m and t.
29
Let j be (2367 - 5) + (0 + 5 - 7). Calculate the highest common factor of j and 50.
10
Let l be (-1)/(8/(-12))*-2. Let h be -1 + (1 - 49)/l. Let z be 1/(-3 + 50/h). What is the greatest common divisor of z and 3?
3
Suppose 3*y = 2*f - 35, -3*y = -3*f + 8 + 46. Let o = 398 - 400. Let j be o/6 + (-2610)/(-135). Calculate the greatest common factor of j and f.
19
Let t(c) = -c**2 - 48*c + 38. Let x be -16 + 4/2*-2. Let a be t(x). Calculate the highest common factor of 26 and a.
26
Let q be ((-72)/9 + 9)*52. Calculate the greatest common factor of 1131 and q.
13
Suppose -523 + 501 = 2*c. Let v be ((-10)/6)/(((-55)/(-18))/c). Suppose 4*h - 43 = 5. What is the highest common factor of h and v?
6
Suppose 3*s - s = 5*p - 27, p - 5 = 0. Let x be 30/5*-1*(s + -11). Suppose -8*z = -344 + x. What is the greatest common divisor of 85 and z?
17
Let k(y) = 1447*y**2 + 27*y + 43. Let s be k(-2). What is the highest common divisor of 159 and s?
53
Let h = 425 - 423. Suppose -5*y + 2378 = -c - 909, 2*c + 1310 = h*y. Calculate the highest common factor of y and 14.
14
Suppose -16*h - 1020 + 2348 = -800. Calculate the greatest common factor of 8189 and h.
19
Suppose -16*a - 64 = -20*a + 4*v, -3*v + 40 = 5*a. Suppose -a*y + 36*y = 2800. What is the greatest common factor of 14 and y?
14
Let o = 16624 + -16512. Let g(k) = 15*k - 3. Let t be g(3). What is the greatest common divisor of t and o?
14
Let o(l) = 135*l - 8. Let u be o(2). Let a = -8 - -11. Suppose -a*n + 98 = -u. What is the highest common factor of n and 15?
15
Let x(b) = -34*b + 139. Let n = -740 - -744. Let w be x(n). What is the greatest common factor of 8 and w?
1
Let x(n) = -2*n**3 - 42*n**2 - 48*n - 153. Let p be x(-20). Let d(k) = 8*k - 1. Let a = -1 + 2. Let z be d(a). What is the greatest common factor of z and p?
7
Let c be (2 - 2) + 9 + 1. Suppose -4*g - g + d = -197, 4*g = 3*d + 151. Let r be 8/(-11)*(-220)/g. Calculate the greatest common factor of c and r.
2
Let j be (-35)/21*(-13338)/15. What is the highest common factor of 546 and j?
78
Let p be (-140)/(-65) - (-4)/(-26). Suppose 18 = 3*l + 4*h, 5*l - p*h + 5*h = 41. Calculate the greatest common divisor of l and 8.
2
Suppose 7*y - 3*y = 40. Suppose h - y*h = 0. Suppose h = -13*u + 2*u + 22. What is the highest common divisor of 26 and u?
2
Suppose 3*s - p = 12, 4*s - 4*p = -s + 13. Suppose -5*o - 3*g = -40, -2*o - 15 = 156*g - 161*g. Calculate the highest common divisor of s and o.
5
Let l = -6755 + 7103. Calculate the greatest common divisor of 4756 and l.
116
Suppose 3*p + 769 = 757, -2*i - 2*p = -712. Calculate the highest common divisor of i and 3816.
72
Let v = -38 - -39. Let m(t) = 7*t - 3. Let x be m(v). Suppose -k - 5*i + 132 = -x*i, 3*i = 3*k - 402. Calculate the greatest common divisor of 19 and k.
19
Suppose -114 = -t - 4*h, 2*t + 2*h = 326 - 68. Let s = 248 - t. Calculate the greatest common divisor of 285 and s.
57
Suppose d - 2*a = 23, 3*d - 51 = -5*a + 18. What is the highest common divisor of d and 1058?
23
Let a be (-4 - 2)/(-1) + 3554 + -729. What is the greatest common factor of a and 57?
19
Let n = 497 + 377. What is the highest common factor of n and 38?
38
Suppose -674 - 1468 = -17*l. Suppose 131*a - 70 = l*a. Calculate the greatest common factor of 448 and a.
14
Let z be 5 - 16 - (-12 - (-9 + 2440)). What is the highest common divisor of z and 24?
8
Let d(j) = 2*j**2 - 38*j + 276. Let a be d(6). Suppose b + 24 = 5*b. Calculate the highest common factor of b and a.
6
Let y be (-4 + 2)/((12/126)/(-2)). Suppose 2*n - 3 - 11 = 0. What is the highest common divisor of n and y?
7
Let l be (426/(-4))/(4/8 + -1). Suppose 0 = -0*o + 3*o - l. Let w = o - 67. Calculate the greatest common divisor of w and 16.
4
Suppose -608 - 128 = -16*a. What is the greatest common divisor of a and 4600?
46
Let s = 133 - 128. Suppose -3*v = s*p - 687, 0 = -0*p + 4*p - 12. Calculate the highest common divisor of 64 and v.
32
Suppose -4*w = w - 205. Let x(b) = 206*b**2 + 6*b - 7. Let i be x(1). Calculate the greatest common divisor of w and i.
41
Suppose -5*d - 163 = 3*z, 5*z + 7*d + 265 = 2*d. Let r be (-2 - -2) + 13/13 - z. What is the greatest common divisor of r and 572?
52
Let r be ((-8)/24)/(9/6) - 836/(-198). Calculate the highest common factor of r and 3236.
4
Let s be ((-4)/(-16))/((516/96)/43). Suppose -23 = -3*y + 7. What is the highest common divisor of s and y?
2
Let a(y) = -2 + 25*y**2 - 6*y**2 + 10 + y. Let v = 56 + -59. Let z be a(v). Calculate the highest common divisor of z and 16.
16
Let g be 3/24 + (-514020)/(-480). Calculate the highest common factor of 34 and g.
17
Let x(v) = -8 + v**2 - 10 - 5*v + v - 12. Let j be x(-11). What is the greatest common divisor of j and 81?
27
Let p be (1/4)/(35/(-700)). Let q(j) = -93*j + 66. Let u be q(p). What is the greatest common factor of 59 and u?
59
Suppose 0 = -52*h - 21 + 2517. Suppose 0 = -2*r + r + 378. Let u be r/9*h/14. What is the greatest common factor of u and 96?
48
Let l = -52193 + 52831. Let w be (1 - (-3)/3) + 42. What is the greatest common factor of w and l?
22
Let a = -2453 - -2455. Suppose -w - 22 = -2*w. Suppose -2*g + 4*x = -w, -5*x = 5*g + 3 + a. What is the greatest common factor of 2 and g?
1
Suppose -2233*s = -2126*s - 5243. Suppose -5*h = 4*k - 81, -10 + 46 = 4*k - 4*h. Calculate the greatest common divisor of s and k.
7
Let u(a) = a**2 + 3*a - 30. Let g be u(0). Let r be (-15)/(-6)*(-492)/g. What is the greatest common divisor of 1 and r?
1
Suppose -5*l - 92 = -9*l. Let h = l + 9. Let n(x) = -13*x - 17. Let s be n(